late the remainder when 33 is divided by s.
9
Let m = -55 - -82. What is the remainder when 157 is divided by m?
22
Let r(p) be the third derivative of -1/120*p**6 - p**3 + 0*p - 11/24*p**4 + 0 - 11/60*p**5 - 3*p**2. What is the remainder when 11 is divided by r(-10)?
3
Suppose 4*y + 3*d - 111 = 0, 3*y + d - 97 = -4*d. Calculate the remainder when y is divided by 7.
3
Let t(m) = 0 + 0*m + 3 + m**2 - 5 + 2*m. Let i(z) = 2*z + 2. Let u be i(2). What is the remainder when t(u) is divided by 16?
14
Let f = 71 - 48. What is the remainder when f is divided by 31/5 + (-6)/30?
5
Let h(x) = -50*x - 2. Let w be h(-1). Suppose c + w = 4*c. Calculate the remainder when 31 is divided by c.
15
Let q(b) = 28*b**2 - b - 1. Calculate the remainder when 164 is divided by q(-1).
24
Let v(f) = -f + 13. What is the remainder when 12 is divided by v(5)?
4
What is the remainder when 9*(2 - 6/9) is divided by -1 - 1*-1*8?
5
Suppose 5*z = 4*r - 3 - 2, -5*z = 25. Let n = 0 - r. Let m(u) = -u - 4. Calculate the remainder when n is divided by m(-7).
2
Let d(r) = 2*r + 3. Let s(i) = -i**3 + 6*i**2 + 6*i + 7. Let h be s(7). Let g be 1 + h + 4/2. Calculate the remainder when d(g) is divided by 5.
4
Let z be 2/(-7) - (-961)/7. Suppose 0 = 4*l + 3*x - z, -2*l - 4*x = -4*l + 52. What is the remainder when l is divided by ((10 - 0) + 1)*1?
10
Suppose -k = -11*k + 100. Calculate the remainder when 78 is divided by k.
8
Suppose a + 5*d = 2*a - 187, 2*a - 426 = -3*d. Suppose -5*z + 2*z = -a. What is the remainder when z is divided by 18?
15
Let q = -13 - -17. Suppose 2*f + q*n - 90 = 0, n = -f + 5*n + 63. Calculate the remainder when f is divided by 26.
25
Let v = 15 + -8. Suppose r - 2 = v. What is the remainder when r is divided by 6?
3
Let k = -8 + 14. Let b = 34 - 23. Calculate the remainder when b is divided by k.
5
Let g = 46 - 33. Suppose 75 = 5*x - 2*x. What is the remainder when x is divided by g?
12
Suppose 0 = -4*q - 1 - 3, 5*b + 5 = -5*q. Let g = -2 - b. What is the remainder when (-5 - (0 + g)) + 46 is divided by 22?
21
Suppose 0 = -8*j + 3*j + 3*a + 229, a = -3*j + 143. Calculate the remainder when j is divided by 83/4 + 3 + (-11)/(-44).
23
Suppose -v + 1 = c - 5, 3*v = 2*c + 8. Suppose 2*z = -2 - c, -2*z - 79 = -5*d. Calculate the remainder when 42 is divided by d.
12
Let y be (-185)/(-4) - (-4)/(-16). Suppose -q - q + y = 0. Suppose -c = -2, -4*v - 3*c + 30 = -v. What is the remainder when q is divided by v?
7
Let p = 38 - -14. What is the remainder when p is divided by 15?
7
Suppose 0 = -2*t + 2*i - 4, 5*t - i = -3*i + 25. Let j = 18 + t. Calculate the remainder when j is divided by 6.
3
Let m(p) = 12*p - 8. What is the remainder when 175 is divided by m(2)?
15
Let s be -5 + (3 - 1) - -6. Suppose -s*y = -8*y - 60. What is the remainder when 13 is divided by (21/(-12))/(3/y)?
6
Suppose 2*p + 780 = 6*p. Calculate the remainder when p is divided by 18.
15
Suppose 5*j = -m + 13 + 4, -6 = 3*m - 4*j. Suppose 0*z - 18 = m*t + 4*z, -5*t + z = 34. Calculate the remainder when 27 is divided by t/((-3)/2 + 1).
13
Suppose 5*h - 15 = -x + 2*h, -5*h - 60 = -4*x. Let b = 72 + -47. Let w = b + 4. Calculate the remainder when w is divided by x.
14
Suppose 3*k - 7 - 26 = 0. Calculate the remainder when 31 is divided by k.
9
Let p(v) = v**2 - 10*v + 26. Let z(s) = -10*s - 1. What is the remainder when p(11) is divided by z(-2)?
18
Suppose -494 = -15*l + 1. What is the remainder when l is divided by 10?
3
Let p(c) = -13*c. Let r be 6/4*8/6. Suppose 0 = 3*z + 8 - r. What is the remainder when p(z) is divided by 14?
12
Let n(m) = 2*m - 5 - 5 - 8*m - 4*m. Calculate the remainder when 119 is divided by n(-4).
29
Calculate the remainder when ((-8)/(-20))/((-2)/(-370)) is divided by 19.
17
Suppose 3*z + 4*s - 47 = 0, 3*s = 3*z + 2*z - 59. Calculate the remainder when 37 is divided by z.
11
Suppose 2835 = 23*m - 2*m. Calculate the remainder when m is divided by 34.
33
Let y = 83 + -45. What is the remainder when y is divided by 8?
6
Suppose -3*d + 117 = -21. Suppose -3*x = -d - 20. Calculate the remainder when 85 is divided by x.
19
Let c(p) = -p**2 - 8*p + 2. Let j = -17 - -11. Suppose 0*z + 78 = 3*z. What is the remainder when z is divided by c(j)?
12
Let g be (-3)/6 + (-3)/(-2). Let a = g + 1. Suppose -a*q + 19 + 15 = 0. What is the remainder when 49 is divided by q?
15
Suppose 65 = -3*p + 2*m + 331, 4*m + 16 = 0. Calculate the remainder when p is divided by 29.
28
Suppose 4*a + 25 + 69 = 5*r, -4*r = -8. Let f = 30 + a. Let m = -60 - -85. What is the remainder when m is divided by f?
7
Suppose -95 = -5*h - 25. Suppose -58 = -2*x - h. Calculate the remainder when x is divided by 8.
6
Let x(d) = d**3 - d**2 - d + 22. Calculate the remainder when x(0) is divided by -1 - 0 - -2 - -7.
6
Suppose 1 = f - 3. Suppose 0 = 4*t + 3*x - 7*x - 168, f*t - 168 = 5*x. What is the remainder when t is divided by 22?
20
Let o = -8 - -8. Suppose 0 = f + 4*z - 17, o = -f + 2*z + z + 31. Calculate the remainder when f is divided by 14.
11
Let t be (0 - 0)*(-6)/(-12). Let i be 2/(-2 + 3) - -4. Suppose -i + t = -c. Calculate the remainder when 11 is divided by c.
5
Let y = 4 - -11. Calculate the remainder when 42 is divided by y.
12
Let v(n) = 6*n - 3. What is the remainder when v(6) is divided by (14/5)/(-7) + (-94)/(-10)?
6
Let s(x) = x**3 + 15*x**2 + 14*x + 25. What is the remainder when 93 is divided by s(-14)?
18
What is the remainder when 20 - (-2)/4*4 is divided by 8?
6
Let d(g) = -g. Let i be d(-6). Suppose -t + 4*t + i = 0. What is the remainder when 21 is divided by (1 + t)/(2/(-22))?
10
Suppose 2*r = -r, -2*c - 4*r = -10. What is the remainder when 8 is divided by c?
3
Let u = -24 - -57. Suppose -4*b - 5*v = -19 - 17, -v - 18 = -2*b. Calculate the remainder when u is divided by b.
6
Suppose 13*h = 10*h + 90. Let r(d) = d**3 + 3*d**2 - 3*d - 1. What is the remainder when h is divided by r(-3)?
6
Let g = 80 + -48. Let m(u) = -u - 15. Let c be m(-7). Let b = c - -19. Calculate the remainder when g is divided by b.
10
Let t = -20 - -32. Let i(k) = 2*k**2 + 5*k - 7. Let y(o) = 2*o + 4. Let p be y(-5). What is the remainder when i(p) is divided by t?
11
Let h = 12 + 25. Let m(j) = j**3 + 3*j**2 - 5*j. Let a be m(-4). Let n = a + 9. Calculate the remainder when h is divided by n.
11
Let a = 217 - 43. Calculate the remainder when a is divided by 35.
34
Suppose 0 = i + 5*y - 47, 3*i + 5*y - 136 - 35 = 0. Calculate the remainder when i is divided by (1/(-3))/(3/(-117)).
10
Let s(q) = q**3 + 3*q**2 - 2*q + 2. Suppose -3 - 3 = 2*t. Calculate the remainder when 38 is divided by s(t).
6
Suppose -4*g + 86 = 18. What is the remainder when 49 is divided by g?
15
Let o(h) = -h + 22. What is the remainder when 42 is divided by o(17)?
2
Let j(w) be the third derivative of w**5/12 - w**4/24 - 2*w**3/3 + 2*w**2. Let o be j(3). Let h = -24 + o. What is the remainder when 40 is divided by h?
12
Let n = 63 + -33. Calculate the remainder when 648/n - 4/(-10) is divided by 6.
4
Suppose f = -4*f + 20. Let j = f - -4. Suppose 0*x - 6 = -3*x, 0 = 4*c - x - 86. Calculate the remainder when c is divided by j.
6
Calculate the remainder when ((-16)/(-12))/((-8)/(-564)) is divided by 24.
22
Suppose 0 = 2*q - 3*q + 79. Calculate the remainder when q is divided by 16.
15
Suppose -3*c + 40 = -119. Calculate the remainder when c is divided by 14.
11
Suppose -4*z + 4*f = -20, -3*z + 0*f - 2*f - 5 = 0. Let w(y) = -y**2 - 9*y - 2. Let i be w(-8). What is the remainder when 37 is divided by i/(-3) - (z - 16)?
11
Let m = 7 + -1. Suppose 15 = -5*o - c, 0*o = -5*o - 4*c. Let x(u) = -2*u - 4. What is the remainder when m is divided by x(o)?
2
Let l = -10 - -10. Suppose 6*v - 3*v - 126 = 0. What is the remainder when v is divided by (l - 1)*(-55)/5?
9
Suppose -3*c - 4 + 1 = -5*n, 0 = 3*n. Let z be (2 - (-60)/2) + c. Suppose 54 = 5*d + g, -d - 2*g + z = 2*d. Calculate the remainder when d is divided by 6.
5
Suppose -4*v = -59 + 187. Let k = -18 - v. What is the remainder when 25 is divided by k?
11
Let c(t) be the third derivative of -t**5/60 + 5*t**4/12 + 11*t**3/6 + 8*t**2. Calculate the remainder when c(8) is divided by 15.
12
What is the remainder when ((-324)/8)/((-21)/28) is divided by 19?
16
Suppose -33 = -4*g + g. Calculate the remainde